{"id":195,"date":"2020-09-05T14:50:18","date_gmt":"2020-09-05T12:50:18","guid":{"rendered":"http:\/\/pferdegruenland.de\/?page_id=195"},"modified":"2020-10-21T12:17:49","modified_gmt":"2020-10-21T10:17:49","slug":"strategien","status":"publish","type":"page","link":"https:\/\/pferdegruenland.de\/?page_id=195","title":{"rendered":"Strategien"},"content":{"rendered":"\n<p>Hier werden Dir m\u00f6gliche Strategien zum Gr\u00fcnlandmanagement in Zeiten des Klimawandels vorgestellt. Jede hier vorgestellte Strategie sollte immer an Eure pers\u00f6nliche Situation angepasst und erprobt werden. In dieser Phase ist der Erfahrungsaustausch m\u00f6glichst vieler Pferdehalter besonders wichtig. <br><\/p>\n\n\n\n<p>Wie findet Ihr die Strategiebeitr\u00e4ge? Nutzt die Suchlupe und setzt<em> <strong>Strategien<\/strong><\/em> ein oder klickt die Beitragskategorie <strong><em>Strategien<\/em><\/strong> an.<br><\/p>\n\n\n\n<p>Wie k\u00f6nnt Ihr Ihr Euch beteiligen? <br><\/p>\n\n\n\n<ul class=\"wp-block-list\"><li>Einen Kommentar k\u00f6nnt Ihr unter jedem Beitrag schreiben. Bitte wartet nur auf meine Freigabe. So vermeiden wir Viagra- und Pokerwerbung.<\/li><li>Eine eigene Seite, auch mit Bildern, m\u00f6glichst wenig formatiert, sendet Ihr an meine eMail- Adresse. Ich setze die Seite und ver\u00f6ffentliche Eure Seite.<\/li><\/ul>\n","protected":false},"excerpt":{"rendered":"<p>Hier werden Dir m\u00f6gliche Strategien zum Gr\u00fcnlandmanagement in Zeiten des Klimawandels vorgestellt. Jede hier vorgestellte Strategie sollte immer an Eure pers\u00f6nliche Situation angepasst und erprobt werden. In dieser Phase ist der Erfahrungsaustausch m\u00f6glichst vieler Pferdehalter besonders wichtig. Wie findet Ihr die Strategiebeitr\u00e4ge? Nutzt die Suchlupe und setzt Strategien ein oder klickt die Beitragskategorie Strategien an. &hellip; <\/p>\n<p class=\"link-more\"><a href=\"https:\/\/pferdegruenland.de\/?page_id=195\" class=\"more-link\"><span class=\"screen-reader-text\">\u201eStrategien\u201c <\/span>weiterlesen<\/a><\/p>\n","protected":false},"author":1,"featured_media":207,"parent":0,"menu_order":0,"comment_status":"closed","ping_status":"closed","template":"","meta":{"footnotes":""},"class_list":["post-195","page","type-page","status-publish","has-post-thumbnail","hentry"],"_links":{"self":[{"href":"https:\/\/pferdegruenland.de\/index.php?rest_route=\/wp\/v2\/pages\/195","targetHints":{"allow":["GET"]}}],"collection":[{"href":"https:\/\/pferdegruenland.de\/index.php?rest_route=\/wp\/v2\/pages"}],"about":[{"href":"https:\/\/pferdegruenland.de\/index.php?rest_route=\/wp\/v2\/types\/page"}],"author":[{"embeddable":true,"href":"https:\/\/pferdegruenland.de\/index.php?rest_route=\/wp\/v2\/users\/1"}],"replies":[{"embeddable":true,"href":"https:\/\/pferdegruenland.de\/index.php?rest_route=%2Fwp%2Fv2%2Fcomments&post=195"}],"version-history":[{"count":4,"href":"https:\/\/pferdegruenland.de\/index.php?rest_route=\/wp\/v2\/pages\/195\/revisions"}],"predecessor-version":[{"id":382,"href":"https:\/\/pferdegruenland.de\/index.php?rest_route=\/wp\/v2\/pages\/195\/revisions\/382"}],"wp:featuredmedia":[{"embeddable":true,"href":"https:\/\/pferdegruenland.de\/index.php?rest_route=\/wp\/v2\/media\/207"}],"wp:attachment":[{"href":"https:\/\/pferdegruenland.de\/index.php?rest_route=%2Fwp%2Fv2%2Fmedia&parent=195"}],"curies":[{"name":"wp","href":"https:\/\/api.w.org\/{rel}","templated":true}]}}