{"id":15,"date":"2020-08-17T14:47:50","date_gmt":"2020-08-17T12:47:50","guid":{"rendered":"http:\/\/pferdegruenland.de\/?page_id=15"},"modified":"2021-05-22T13:36:50","modified_gmt":"2021-05-22T11:36:50","slug":"medien","status":"publish","type":"page","link":"https:\/\/pferdegruenland.de\/?page_id=15","title":{"rendered":"Medien"},"content":{"rendered":"\n<figure class=\"wp-block-table is-style-stripes\"><table><tbody><tr><td>*<\/td><td>Neuen Boden betreten: Solidarische Landwirtschaft<\/td><td><a href=\"http:\/\/solidarische-landwirtshaft.org\">Solidarische Landwirtschaft<\/a><\/td><td><\/td><\/tr><tr><td><\/td><td><\/td><td><\/td><td><\/td><\/tr><tr><td>*<\/td><td>Belastbare Daten, Fakten, Tools zu den Folgen des Klimawandels auf das Pferdegr\u00fcnland<\/td><td>Dietbert Arnold: Pferdewirtpr\u00fcfung &#8211; Pferdegr\u00fcnland im Klimawandel -, Norderstedt 2020, ISBN 9783751936699, erh\u00e4ltlich beim <a href=\"https:\/\/www.bod.de\/buchshop\/pferdewirtpruefung-bd-12-dietbert-arnold-9783751936699\">Verlag<\/a>, dem regionalen Buchhandel und bei <a href=\"https:\/\/www.amazon.de\/Pferdewirtpr\u00fcfung-Bd-Pferdegr\u00fcnland-Klimawandel-Pferdeirtpr\u00fcfung\/dp\/3751936696\/ref=sr_1_2?dchild=1&amp;keywords=Dietbert+Arnold&amp;qid=1597833255&amp;sr=8-2\">amazon<\/a><\/td><td><\/td><\/tr><tr><td><\/td><td><\/td><td><\/td><td><\/td><\/tr><tr><td>*<\/td><td>Der Standard: Deutscher Wetterdienst (DWD)<\/td><td><a href=\"http:\/\/www.dwd.de\">Fakten, Fakten, Fakten<\/a><\/td><td><\/td><\/tr><tr><td><\/td><td><\/td><td><\/td><td><\/td><\/tr><tr><td>*<\/td><td>Klimadaten<\/td><td><a href=\"https:\/\/www.dwd.de\/DE\/leistungen\/klimadatendeutschland\/vielj_mittelwerte.html\">Langj\u00e4hrige Durchschnittswerte der Klimadaten aller Wetterstationen in Deutschland<\/a><\/td><td><\/td><\/tr><tr><td><\/td><td><\/td><td><\/td><td><\/td><\/tr><tr><td><\/td><td>* ESKP <br>Wissensplatform Erde und Umwelt<br>Earth System Knowledge Platform<\/td><td>Belastbare Informationen des Helmholtz- Zentrums zum Klimawandel<\/td><td><\/td><\/tr><tr><td><\/td><td><\/td><td><\/td><td><\/td><\/tr><tr><td><\/td><td>Bestimmung Gr\u00fcnlandpflanzen<\/td><td>Deutsch, Anton: <em>Bestimmungsschl\u00fcssel f\u00fcr Gr\u00fcnlandpflanzen w\u00e4hrend der ganzen Vegetationszeit<\/em>, Verlagsunion Agrar (\u00d6sterreichischer Agrarverlag), 2007<\/td><td><\/td><\/tr><tr><td><\/td><td><\/td><td><\/td><td><\/td><\/tr><tr><td><\/td><td>Weltweite Wetterinformationen<\/td><td>Die Weltorganisation f\u00fcr Meteorologie (WMO) bietet auf ihrer <a href=\"http:\/\/worldweather.wmo.int\/de\/home.html\">Webseite<\/a> seri\u00f6se, offizielle und aktuelle weltweite Wetterinformationen f\u00fcr Jedermann\/frau. Die L\u00e4nderinfos k\u00f6nnen vom Nutzer personalisiert werden.<\/td><td><\/td><\/tr><\/tbody><\/table><\/figure>\n\n\n\n<figure class=\"wp-block-image size-large is-resized\"><a href=\"https:\/\/www.bod.de\/buchshop\/pferdewirtpruefung-bd-8-dietbert-arnold-9783739226729\"><img loading=\"lazy\" decoding=\"async\" src=\"https:\/\/pferdegruenland.de\/wp-content\/uploads\/2021\/01\/Pferdewirtpruefung_Bd.8-3.jpg\" alt=\"\" class=\"wp-image-515\" width=\"189\" height=\"135\" srcset=\"https:\/\/pferdegruenland.de\/wp-content\/uploads\/2021\/01\/Pferdewirtpruefung_Bd.8-3.jpg 500w, https:\/\/pferdegruenland.de\/wp-content\/uploads\/2021\/01\/Pferdewirtpruefung_Bd.8-3-300x214.jpg 300w\" sizes=\"auto, (max-width: 189px) 100vw, 189px\" \/><\/a><figcaption>Die Tabellen zur Pferdef\u00fctterung enthalten die N\u00e4hrstoffgehalte der wichtigsten Pferdefuttermittel und gleichzeitig die abgesicherten Bedarfswerte des Pferdes (Laktation, Tr\u00e4chtigkeit, Wachstum, Arbeitsleistung). Diese Zusammenstellung der Tabellen zur Pferdef\u00fctterung erlauben die Kalkulation des Futterbedarfes pro Tag, Woche, Monat und Jahr.  Erh\u00e4ltlich im lokalen Buchhandel und <a href=\"https:\/\/www.bod.de\/buchshop\/pferdewirtpruefung-bd-8-dietbert-arnold-9783739226729\">portofrei beim Verlag BOD<\/a><\/figcaption><\/figure>\n\n\n\n<figure class=\"wp-block-image size-large is-resized\"><a href=\"https:\/\/www.bod.de\/buchshop\/pferdewirtpruefung-bd-12-dietbert-arnold-9783751936699\"><img loading=\"lazy\" decoding=\"async\" src=\"https:\/\/pferdegruenland.de\/wp-content\/uploads\/2021\/01\/Pferdewirtpruefung_Bd._12.jpg\" alt=\"\" class=\"wp-image-518\" width=\"190\" height=\"136\" srcset=\"https:\/\/pferdegruenland.de\/wp-content\/uploads\/2021\/01\/Pferdewirtpruefung_Bd._12.jpg 500w, https:\/\/pferdegruenland.de\/wp-content\/uploads\/2021\/01\/Pferdewirtpruefung_Bd._12-300x214.jpg 300w\" sizes=\"auto, (max-width: 190px) 100vw, 190px\" \/><\/a><figcaption> Die Grundlegenden Fakten und m\u00f6gliche Strategien zur klimaangepasstere Gr\u00fcnlandhaltung. Die wichtigsten Tools helfen Pferdehalter*innen bei der notwendigen Adaption an den Klimawandel, damit die Grundfutterversorgung der Pferde zuk\u00fcnftig gesichert wird. Erh\u00e4ltlich im lokalen Buchhandel und <a href=\"https:\/\/www.bod.de\/buchshop\/pferdewirtpruefung-bd-12-dietbert-arnold-9783751936699\"> portofrei beim Verlag BOD<\/a><\/figcaption><\/figure>\n\n\n\n<figure class=\"wp-block-image size-large is-resized\"><a href=\"https:\/\/www.bod.de\/buchshop\/pferdewirtpruefung-bd-3-dietbert-arnold-9783748158752\"><img loading=\"lazy\" decoding=\"async\" src=\"https:\/\/pferdegruenland.de\/wp-content\/uploads\/2021\/01\/Pferdewirtpruefung_Bd.3.jpg\" alt=\"\" class=\"wp-image-521\" width=\"184\" height=\"261\" srcset=\"https:\/\/pferdegruenland.de\/wp-content\/uploads\/2021\/01\/Pferdewirtpruefung_Bd.3.jpg 352w, https:\/\/pferdegruenland.de\/wp-content\/uploads\/2021\/01\/Pferdewirtpruefung_Bd.3-211x300.jpg 211w\" sizes=\"auto, (max-width: 184px) 100vw, 184px\" \/><\/a><figcaption>F\u00fcr alle Pferdehalter*innen, die mal eben Faustzahlen, Handlungsvorschl\u00e4ge oder Formeln aus der Pferdewelt nachschlagen wollen. Kein Buch zum Durchlesen, aber ab jetzt Euer Pferdeduden, das Wissen der Profis. Auch der wird ja nach von vorne bis hinten durchgelesen, aber dringend ben\u00f6tigt. Erh\u00e4ltlich im lokalen Buchhandel und <a href=\"https:\/\/www.bod.de\/buchshop\/pferdewirtpruefung-bd-3-dietbert-arnold-9783748158752\">portofrei beim Verlag BOD<\/a><\/figcaption><\/figure>\n","protected":false},"excerpt":{"rendered":"<p>* Neuen Boden betreten: Solidarische Landwirtschaft Solidarische Landwirtschaft * Belastbare Daten, Fakten, Tools zu den Folgen des Klimawandels auf das Pferdegr\u00fcnland Dietbert Arnold: Pferdewirtpr\u00fcfung &#8211; Pferdegr\u00fcnland im Klimawandel -, Norderstedt 2020, ISBN 9783751936699, erh\u00e4ltlich beim Verlag, dem regionalen Buchhandel und bei amazon * Der Standard: Deutscher Wetterdienst (DWD) Fakten, Fakten, Fakten * Klimadaten Langj\u00e4hrige Durchschnittswerte &hellip; <\/p>\n<p class=\"link-more\"><a href=\"https:\/\/pferdegruenland.de\/?page_id=15\" class=\"more-link\"><span class=\"screen-reader-text\">\u201eMedien\u201c <\/span>weiterlesen<\/a><\/p>\n","protected":false},"author":1,"featured_media":52,"parent":0,"menu_order":0,"comment_status":"closed","ping_status":"closed","template":"","meta":{"footnotes":""},"class_list":["post-15","page","type-page","status-publish","has-post-thumbnail","hentry"],"_links":{"self":[{"href":"https:\/\/pferdegruenland.de\/index.php?rest_route=\/wp\/v2\/pages\/15","targetHints":{"allow":["GET"]}}],"collection":[{"href":"https:\/\/pferdegruenland.de\/index.php?rest_route=\/wp\/v2\/pages"}],"about":[{"href":"https:\/\/pferdegruenland.de\/index.php?rest_route=\/wp\/v2\/types\/page"}],"author":[{"embeddable":true,"href":"https:\/\/pferdegruenland.de\/index.php?rest_route=\/wp\/v2\/users\/1"}],"replies":[{"embeddable":true,"href":"https:\/\/pferdegruenland.de\/index.php?rest_route=%2Fwp%2Fv2%2Fcomments&post=15"}],"version-history":[{"count":12,"href":"https:\/\/pferdegruenland.de\/index.php?rest_route=\/wp\/v2\/pages\/15\/revisions"}],"predecessor-version":[{"id":528,"href":"https:\/\/pferdegruenland.de\/index.php?rest_route=\/wp\/v2\/pages\/15\/revisions\/528"}],"wp:featuredmedia":[{"embeddable":true,"href":"https:\/\/pferdegruenland.de\/index.php?rest_route=\/wp\/v2\/media\/52"}],"wp:attachment":[{"href":"https:\/\/pferdegruenland.de\/index.php?rest_route=%2Fwp%2Fv2%2Fmedia&parent=15"}],"curies":[{"name":"wp","href":"https:\/\/api.w.org\/{rel}","templated":true}]}}