{"id":14,"date":"2020-08-17T14:47:49","date_gmt":"2020-08-17T12:47:49","guid":{"rendered":"http:\/\/pferdegruenland.de\/?page_id=14"},"modified":"2024-01-01T15:36:31","modified_gmt":"2024-01-01T14:36:31","slug":"ueber-mich","status":"publish","type":"page","link":"https:\/\/pferdegruenland.de\/?page_id=14","title":{"rendered":"\u00dcber mich"},"content":{"rendered":"\n<p>Ich bin der \u00f6ffentlich bestellte und vereidigte Sachverst\u00e4ndige f\u00fcr Pferdezucht und Haltung, <strong>Dietbert Arnold<\/strong>, bestellt von der Handelskammer Bremen und Bremerhaven.<\/p>\n\n\n\n<p><\/p>\n\n\n\n<p class=\"has-text-align-center\">Ein kleiner Auszug aus meinem Curriculum&nbsp;<em>Vitae<\/em><\/p>\n\n\n\n<figure class=\"wp-block-table is-style-stripes\"><table><tbody><tr><td>*<\/td><td>geboren am 22.08.1953 in Bremerhaven<\/td><\/tr><tr><td>*<\/td><td>verheiratet, zwei Kinder<\/td><\/tr><tr><td>*<\/td><td>Berufsschullehrer f\u00fcr Pferdewirte&nbsp;i.R.<\/td><\/tr><tr><td>*<\/td><td>\u00f6bv Sachverst\u00e4ndiger f\u00fcr Pferdezucht und -haltung (1994 &#8211; 2023)<\/td><\/tr><tr><td>*<\/td><td>Fachbuch- und Fachsoftware- Autor, u.a. die Edition Pferdewirtpr\u00fcfung Bd. 1 &#8211; 12<\/td><\/tr><tr><td>*<\/td><td>Dozent von Fachvortr\u00e4gen im Bereich Pferdef\u00fctterung, Stallklima, Stallbau, Dokumentation, Gr\u00fcnlandmanagement, Nachhaltigkeit, \u2026<\/td><\/tr><tr><td>*<\/td><td>Mitglied in Pr\u00fcfungsaussch\u00fcssen des Berufes Pferdewirt*in i.R.<\/td><\/tr><tr><td>*<\/td><td>Bundessachverst\u00e4ndiger Neuordnung Beruf Pferdewirt*in und Pferdewirtschaftsmeister*in<\/td><\/tr><tr><td>*<\/td><td>Berater verschiedener Pferdefachzeitschriften<\/td><\/tr><tr><td>*<\/td><td>Betreiber der Internetplattformen winration.info, giftpflanzen-fuer-pferde.de, pferdefuetterung.info, pferdegr\u00fcnland.de<\/td><\/tr><\/tbody><\/table><figcaption class=\"wp-element-caption\">Mehr Infos auch unter <a href=\"http:\/\/www.hippologe.de\">wwww.hippologe.de<\/a><\/figcaption><\/figure>\n\n\n\n<p><\/p>\n","protected":false},"excerpt":{"rendered":"<p>Ich bin der \u00f6ffentlich bestellte und vereidigte Sachverst\u00e4ndige f\u00fcr Pferdezucht und Haltung, Dietbert Arnold, bestellt von der Handelskammer Bremen und Bremerhaven. Ein kleiner Auszug aus meinem Curriculum&nbsp;Vitae * geboren am 22.08.1953 in Bremerhaven * verheiratet, zwei Kinder * Berufsschullehrer f\u00fcr Pferdewirte&nbsp;i.R. * \u00f6bv Sachverst\u00e4ndiger f\u00fcr Pferdezucht und -haltung (1994 &#8211; 2023) * Fachbuch- und Fachsoftware- &hellip; <\/p>\n<p class=\"link-more\"><a href=\"https:\/\/pferdegruenland.de\/?page_id=14\" class=\"more-link\"><span class=\"screen-reader-text\">\u201e\u00dcber mich\u201c <\/span>weiterlesen<\/a><\/p>\n","protected":false},"author":1,"featured_media":2004,"parent":0,"menu_order":0,"comment_status":"closed","ping_status":"closed","template":"","meta":{"footnotes":""},"class_list":["post-14","page","type-page","status-publish","has-post-thumbnail","hentry"],"_links":{"self":[{"href":"https:\/\/pferdegruenland.de\/index.php?rest_route=\/wp\/v2\/pages\/14","targetHints":{"allow":["GET"]}}],"collection":[{"href":"https:\/\/pferdegruenland.de\/index.php?rest_route=\/wp\/v2\/pages"}],"about":[{"href":"https:\/\/pferdegruenland.de\/index.php?rest_route=\/wp\/v2\/types\/page"}],"author":[{"embeddable":true,"href":"https:\/\/pferdegruenland.de\/index.php?rest_route=\/wp\/v2\/users\/1"}],"replies":[{"embeddable":true,"href":"https:\/\/pferdegruenland.de\/index.php?rest_route=%2Fwp%2Fv2%2Fcomments&post=14"}],"version-history":[{"count":9,"href":"https:\/\/pferdegruenland.de\/index.php?rest_route=\/wp\/v2\/pages\/14\/revisions"}],"predecessor-version":[{"id":2043,"href":"https:\/\/pferdegruenland.de\/index.php?rest_route=\/wp\/v2\/pages\/14\/revisions\/2043"}],"wp:featuredmedia":[{"embeddable":true,"href":"https:\/\/pferdegruenland.de\/index.php?rest_route=\/wp\/v2\/media\/2004"}],"wp:attachment":[{"href":"https:\/\/pferdegruenland.de\/index.php?rest_route=%2Fwp%2Fv2%2Fmedia&parent=14"}],"curies":[{"name":"wp","href":"https:\/\/api.w.org\/{rel}","templated":true}]}}